{"id":2,"date":"2010-07-06T10:23:24","date_gmt":"2010-07-06T10:23:24","guid":{"rendered":"http:\/\/stadtforum-altenburg.de\/?page_id=2"},"modified":"2024-03-21T18:27:28","modified_gmt":"2024-03-21T17:27:28","slug":"about","status":"publish","type":"page","link":"https:\/\/stadtforum-altenburg.de\/?page_id=2","title":{"rendered":"\u00dcber uns"},"content":{"rendered":"<p><span style=\"color: #808080;\">Im Jahre 2008 wurde im <strong><a href=\"http:\/\/www.altenburg.eu\/sixcms\/detail.php?id=28440\"><span style=\"color: #808080;\">Leitbild der Stadt Altenburg<\/span><\/a><\/strong><a href=\"http:\/\/www.altenburg.eu\/sixcms\/detail.php?id=28440\"><span style=\"color: #808080;\"> (Weblink)<\/span><\/a> der Kerngedanke formuliert: \u201e<strong>Altenburg ist Architektur, Geschichte und Kultur<\/strong>\u201c.<\/span><\/p>\n<p><span style=\"color: #808080;\">Auf der Grundlage dieser Erkenntnis und ausgel\u00f6st durch die Diskussionen um die Bebauung des Areals am Altenburger Markt hat sich eine Plattform gebildet, die produktive Ideen zur Stadtentwicklung b\u00fcndeln und bekannt machen will.<\/span><\/p>\n<p><span style=\"color: #808080;\">Nach dem Vorbild erfolgreicher Stadtforen in Leipzig, G\u00f6rlitz, Freiberg und Chemnitz haben sich engagierte B\u00fcrger, darunter viele Fachleute, zu einem Netzwerk zusammengeschlossen und am 23. Januar 2010 in Altenburg das \u201eSTADTFORUM ALTENBURG &#8211; FORUM F\u00dcR DENKMALSCHUTZ UND STADTENTWICKLUNG\u201c gegr\u00fcndet.<\/span><\/p>\n<p><span style=\"color: #808080;\">Dabei geht es sowohl um den Denkmalschutz und die Erhaltung des historisch gewachsenen Stadtbildes, als auch um Strategien f\u00fcr einen behutsamen Stadtumbau einschlie\u00dflich neuer Bauwerke sowie um die Belebung und St\u00e4rkung der Innenstadt.<\/span><\/p>\n<p><span style=\"color: #808080;\">Entsprechend dem Kerngedanken des Leitbildes will das STADTFORUM ALTENBURG mithelfen, die Attraktivit\u00e4t unserer 1000-j\u00e4hrigen Stadt weiter zu erh\u00f6hen und ihre Zukunftschancen zu verbessern.<\/span><\/p>\n<p><span style=\"color: #808080;\">Das STADTFORUM ALTENBURG ist politisch sowie wirtschaftlich unabh\u00e4ngig und in seiner ehrenamtlichen Arbeit allein der Sache verpflichtet.<\/span><\/p>\n<p><span style=\"color: #808080;\">Das STADTFORUM ALTENBURG hat folgende Ziele:<\/span><\/p>\n<ul>\n<li><span style=\"color: #808080;\">durch Gespr\u00e4chsrunden und Diskussionsforen zu aktuellen Fragen der Stadtentwicklung zu informieren und zu sensibilisieren<\/span><\/li>\n<li><span style=\"color: #808080;\">weitsichtige Nutzungs-, Sanierungs- und Bebauungskonzepte zu begleiten und zu bef\u00f6rdern<\/span><\/li>\n<li><span style=\"color: #808080;\">der Herausforderung einer schrumpfenden Stadt in Kooperation mit der Stadtverwaltung und B\u00fcrgern zu begegnen<\/span><\/li>\n<li><span style=\"color: #808080;\">Verst\u00e4ndnis in der \u00d6ffentlichkeit f\u00fcr die st\u00e4dtebauliche Bedeutung historischer und denkmalgesch\u00fctzter Geb\u00e4ude zu wecken<\/span><\/li>\n<li><span style=\"color: #808080;\">Neubauvorhaben in Altenburg kritisch zu begleiten um eine der \u00fcber 1000 j\u00e4hrigen Stadt angemessene hohe Qualit\u00e4t der architektonischen L\u00f6sung zu finden<\/span><\/li>\n<\/ul>\n<p><span style=\"color: #808080;\">Unterst\u00fctzt wird das Stadtforum Altenburg u.a. von:<\/span><\/p>\n<p><span style=\"color: #808080;\"><em>Prof. Dr. Arnold Bartetzky, Leipzig\u00a0<\/em><\/span><\/p>\n<p><span style=\"color: #808080;\"><em>Andr\u00e9 Bremer, Frohnsdorf<\/em><\/span><\/p>\n<p><span style=\"color: #808080;\"><em>Michael Br\u00e4uer, Rostock\u00a0<\/em><\/span><\/p>\n<p><span style=\"color: #808080;\"><em>Martin Burkhardt, Altenburg<\/em><\/span><\/p>\n<p><span style=\"color: #808080;\"><em>Christine B\u00fcring, Altenburg\u00a0<\/em><\/span><\/p>\n<p><span style=\"color: #808080;\"><em>Jens Daniel, Altenburg<\/em><\/span><\/p>\n<p><span style=\"color: #808080;\"><em>Ekkehard Dressler, Altenburg<\/em><\/span><\/p>\n<p><span style=\"color: #808080;\"><em>Dr. Bernd Drischmann, Altenburg\u00a0<\/em><\/span><\/p>\n<p><span style=\"color: #808080;\"><em>Dr. Joachim Emig <sup>\u2020<\/sup><\/em>, <em>Altenburg<\/em><\/span><\/p>\n<p><span style=\"color: #808080;\"><em>Uwe Flemming, Leinefelde-Worbis\u00a0<\/em><\/span><\/p>\n<p><span style=\"color: #808080;\"><em>Prof. Matthias Fl\u00fcgge, Berlin\u00a0<\/em><\/span><\/p>\n<p><span style=\"color: #808080;\"><em>Dr. Johannes Frackowiak <sup>\u2020<\/sup>, Altenburg\u00a0<\/em><\/span><\/p>\n<p><span style=\"color: #808080;\"><em>Andreas Gie\u00dfler, Altenburg<\/em><\/span><\/p>\n<p><span style=\"color: #808080;\"><em>Claus Gleitsmann, Altenburg\u00a0<\/em><\/span><\/p>\n<p><span style=\"color: #808080;\"><em>Niels Gormsen, Leipzig<\/em><\/span><\/p>\n<p><span style=\"color: #808080;\"><em>Ulrich Grabsch, Altenburg\u00a0<\/em><\/span><\/p>\n<p><span style=\"color: #808080;\"><em>Wolfram G\u00fcnther, K\u00f6nigsfeld\/Dresden<\/em><\/span><\/p>\n<p><span style=\"color: #808080;\"><em>Peter Gzik <sup>\u2020<\/sup>, Altenburg<\/em><\/span><\/p>\n<p><span style=\"color: #808080;\"><em>Marko Heinke, Altenburg\u00a0<\/em><\/span><\/p>\n<p><span style=\"color: #808080;\"><em>Wido Hertzsch, Altenburg\u00a0<\/em><\/span><\/p>\n<p><span style=\"color: #808080;\"><em>Ronny H\u00fcbner, Altenburg\u00a0<\/em><\/span><\/p>\n<p><span style=\"color: #808080;\"><em>Ulrich Hugk, Weimar\u00a0<\/em><\/span><\/p>\n<p><span style=\"color: #808080;\"><em>Kai-Uwe Hoffmann, Altenburg<\/em><\/span><\/p>\n<p><span style=\"color: #808080;\"><em>Sabine Hofmann, Altenburg<\/em><\/span><\/p>\n<p><span style=\"color: #808080;\"><em>Wolfgang Kern, Altenburg\u00a0<\/em><\/span><\/p>\n<p><span style=\"color: #808080;\"><em>Alexander Khorrami, Leipzig\u00a0<\/em><\/span><\/p>\n<p><span style=\"color: #808080;\"><em>Dr. Christian Klau, Lehma\u00a0<\/em><\/span><\/p>\n<p><span style=\"color: #808080;\"><em>Helge Klein, Altenburg<\/em><\/span><\/p>\n<p><span style=\"color: #808080;\"><em>Isabel Kr\u00f6ber, Altenburg<\/em><\/span><\/p>\n<p><span style=\"color: #808080;\"><em>Maria K\u00fchl <sup>\u2020<\/sup>, Altenburg<\/em><\/span><\/p>\n<p><span style=\"color: #808080;\"><em>Reinhard Kwaschik, Potsdam<\/em><em style=\"color: #89959b;\">\u00a0<\/em><\/span><\/p>\n<p><span style=\"color: #808080;\"><em>G\u00fcnter Lichtenstein, G\u00f6pfersdorf\u00a0<\/em><\/span><\/p>\n<p><span style=\"color: #808080;\"><em>Albrecht Lippold, Altenburg<\/em><\/span><\/p>\n<p><span style=\"color: #808080;\"><em>Stefan Meyer, Altenburg<\/em><\/span><\/p>\n<p><span style=\"color: #808080;\"><em>Jutta Penndorf, Altenburg<\/em><\/span><\/p>\n<p><span style=\"color: #808080;\"><em>Dr. Henrik Pradel, Altenburg<\/em><\/span><\/p>\n<p><span style=\"color: #808080;\"><em>Susanne Reim, Altenburg<\/em><\/span><\/p>\n<p><span style=\"color: #808080;\"><em>Johannes Schaefer, Altenburg<\/em><\/span><\/p>\n<p><span style=\"color: #808080;\"><em>Tosso Scholz, Altenburg<\/em><\/span><\/p>\n<p><span style=\"color: #808080;\"><em>Johanna Sellengk, Weimar\u00a0<\/em><\/span><\/p>\n<p><span style=\"color: #808080;\"><em>Prof. Peter Schn\u00fcrpel, Altenburg<\/em><\/span><\/p>\n<p><span style=\"color: #808080;\"><em>Ingo Schulze, Berlin\u00a0<\/em><\/span><\/p>\n<p><span style=\"color: #808080;\"><em>Michael Swiridoff, Leipzig<\/em><\/span><\/p>\n<p><span style=\"color: #808080;\"><em>Christopher Smith, Leipzig\u00a0<\/em><\/span><\/p>\n<p><span style=\"color: #808080;\"><em>Michael Sonntag, Coswig\/Gera\u00a0<\/em><\/span><\/p>\n<p><span style=\"color: #808080;\"><em>Helmut Steiner, Gotha\u00a0<\/em><\/span><\/p>\n<p><span style=\"color: #808080;\"><em>Volker Schwerd, Altenburg<\/em><\/span><\/p>\n<p><span style=\"color: #808080;\"><em>Dave Tarassow, Leipzig\u00a0<\/em><\/span><\/p>\n<p><span style=\"color: #808080;\"><em>Prof. Dr. Thomas Topfstedt <sup>\u2020<\/sup>, Leipzig\u00a0<\/em><\/span><\/p>\n<p><span style=\"color: #808080;\"><em>Markus Twork, Leipzig\u00a0<\/em><\/span><\/p>\n<p><span style=\"color: #808080;\"><em>Johannes Ungvari, Altenburg<\/em><\/span><\/p>\n<p><span style=\"color: #808080;\"><em>Lutz Woitke, Altenburg\u00a0<\/em><\/span><\/p>\n<p><span style=\"color: #808080;\"><em>Rainer Wiesmaier, Erfurt\u00a0<\/em><\/span><\/p>\n<p><span style=\"color: #808080;\"><em>Gerhard Zetzsche, Altenburg<\/em><\/span><\/p>\n<p><span style=\"color: #808080;\">\u00a0<\/span><\/p>\n<p style=\"text-align: left;\"><span style=\"color: #808080;\"><strong>Das Stadtforum Altenburg wird durch die Sprecher vertreten:\u00a0 Johannes Schaefer, Jutta Penndorf und Marko Heinke<\/strong><\/span><\/p>\n<p><span style=\"color: #808080;\">Sie m\u00f6chten uns und unsere Arbeit f\u00fcr Altenburg unterst\u00fctzen? Nehmen Sie bitte <a href=\"http:\/\/stadtforum-altenburg.de\/?page_id=25\" target=\"_blank\" rel=\"noopener noreferrer\"><span style=\"color: #808080;\">Kontakt<\/span><\/a> mit uns auf. Wir freuen uns!<\/span><\/p>\n<p><a href=\"https:\/\/stadtforum-altenburg.de\/wp-content\/uploads\/2022\/09\/SFA-Mitgliedsantrag.pdf\">Mitgliedsantrag f\u00fcr den Verein Stadtforum Altenburg e.V. zum Download (Weblink).<\/a><\/p>\n","protected":false},"excerpt":{"rendered":"<p>Im Jahre 2008 wurde im Leitbild der Stadt Altenburg (Weblink) der Kerngedanke formuliert: \u201eAltenburg ist Architektur, Geschichte und Kultur\u201c. Auf der Grundlage dieser Erkenntnis und ausgel\u00f6st durch die Diskussionen um die Bebauung des Areals am Altenburger Markt hat sich eine &hellip; <a href=\"https:\/\/stadtforum-altenburg.de\/?page_id=2\">Weiterlesen <span class=\"meta-nav\">&rarr;<\/span><\/a><\/p>\n","protected":false},"author":1,"featured_media":0,"parent":0,"menu_order":1,"comment_status":"closed","ping_status":"closed","template":"","meta":{"footnotes":""},"class_list":["post-2","page","type-page","status-publish","hentry"],"jetpack_sharing_enabled":true,"jetpack_shortlink":"https:\/\/wp.me\/P1GsgU-2","jetpack_likes_enabled":false,"_links":{"self":[{"href":"https:\/\/stadtforum-altenburg.de\/index.php?rest_route=\/wp\/v2\/pages\/2","targetHints":{"allow":["GET"]}}],"collection":[{"href":"https:\/\/stadtforum-altenburg.de\/index.php?rest_route=\/wp\/v2\/pages"}],"about":[{"href":"https:\/\/stadtforum-altenburg.de\/index.php?rest_route=\/wp\/v2\/types\/page"}],"author":[{"embeddable":true,"href":"https:\/\/stadtforum-altenburg.de\/index.php?rest_route=\/wp\/v2\/users\/1"}],"replies":[{"embeddable":true,"href":"https:\/\/stadtforum-altenburg.de\/index.php?rest_route=%2Fwp%2Fv2%2Fcomments&post=2"}],"version-history":[{"count":13,"href":"https:\/\/stadtforum-altenburg.de\/index.php?rest_route=\/wp\/v2\/pages\/2\/revisions"}],"predecessor-version":[{"id":4097,"href":"https:\/\/stadtforum-altenburg.de\/index.php?rest_route=\/wp\/v2\/pages\/2\/revisions\/4097"}],"wp:attachment":[{"href":"https:\/\/stadtforum-altenburg.de\/index.php?rest_route=%2Fwp%2Fv2%2Fmedia&parent=2"}],"curies":[{"name":"wp","href":"https:\/\/api.w.org\/{rel}","templated":true}]}}